{"id":13,"date":"2020-03-26T00:32:31","date_gmt":"2020-03-25T23:32:31","guid":{"rendered":"https:\/\/edutictac.es\/edumillan3t\/?page_id=13"},"modified":"2020-03-26T00:32:31","modified_gmt":"2020-03-25T23:32:31","slug":"webex-pmf","status":"publish","type":"page","link":"https:\/\/edutictac.es\/blog\/edumillan3t\/webex-pmf\/","title":{"rendered":"Webex &#8211; PMF"},"content":{"rendered":"\n<pre class=\"wp-block-verse\">Darrera actualitzaci\u00f3: <em>15-oct-2020<\/em><\/pre>\n\n\n\n<h4 class=\"wp-block-heading\"> PREGUNTES M\u00c9S FREQ\u00dcENTS<\/h4>\n\n\n\n<p><strong>Llig aquesta informaci\u00f3 d&#8217;inter\u00e9s<\/strong>. Et recomanem tamb\u00e9 que pegues una ullada a les bones pr\u00e0ctiques per fer videoconfer\u00e8ncies amb <a href=\"https:\/\/edutictac.es\/edumillan3t\/videoconferencies-docents-bones-practiques\/\">professorat <\/a>i <a href=\"https:\/\/edutictac.es\/tafol\/2020\/04\/16\/videoconferencies-amb-alumnat\/\">alumnat<\/a>: <\/p>\n\n\n\n<p><a href=\"https:\/\/edutictac.es\/edumillan3t\/videoconferencies-docents-bones-practiques\/\">https:\/\/edutictac.es\/edumillan3t\/videoconferencies-docents-bones-practiques\/<\/a> <a href=\"https:\/\/edutictac.es\/tafol\/2020\/04\/16\/videoconferencies-amb-alumnat\/\">https:\/\/edutictac.es\/tafol\/2020\/04\/16\/videoconferencies-amb-alumnat\/<\/a><\/p>\n\n\n\n<p><strong>On puc trobar documentaci\u00f3 sobre l&#8217;\u00fas\nde Webex?<\/strong><\/p>\n\n\n\n<p>Primer, llig la <strong>b\u00edblia <\/strong>i mira&#8217;t els v\u00eddeos de Webex en el pla MULAN (fins que no ho faces, no est\u00e0s confesat):<\/p>\n\n\n\n<p><a href=\"http:\/\/portal.edu.gva.es\/mulan\/tic\/webex\/\">http:\/\/portal.edu.gva.es\/mulan\/tic\/webex<\/a><\/p>\n\n\n\n<p>Segeix per la &#8220;Gu\u00eda r\u00e0pida de Webex&#8221;<\/p>\n\n\n\n<p>Valenci\u00e0:<\/p>\n\n\n\n<p><a href=\"https:\/\/portal.edu.gva.es\/cvtic\/wp-content\/uploads\/sites\/15\/2020\/10\/WEBEX-MIX-VAL3.pdf\">https:\/\/portal.edu.gva.es\/cvtic\/wp-content\/uploads\/sites\/15\/2020\/10\/WEBEX-MIX-VAL3.pdf<\/a><\/p>\n\n\n\n<p>Castell\u00e0:<\/p>\n\n\n\n<p><a href=\"https:\/\/portal.edu.gva.es\/cvtic\/wp-content\/uploads\/sites\/15\/2020\/10\/WEBEX-MIX-CAS-1.pdf\">https:\/\/portal.edu.gva.es\/cvtic\/wp-content\/uploads\/sites\/15\/2020\/10\/WEBEX-MIX-CAS-1.pdf<\/a><\/p>\n\n\n\n<p>Despr\u00e9s, els videotutorials b\u00e0sics:<\/p>\n\n\n\n<p><a href=\"https:\/\/bit.ly\/videotutorialeswebex\">https:\/\/bit.ly\/videotutorialeswebex<\/a><\/p>\n\n\n\n<p> Consulta els seg\u00fcents enlla\u00e7os: <\/p>\n\n\n\n<p><a href=\"https:\/\/help.webex.com\/es-co\/\">https:\/\/help.webex.com\/es-co\/<\/a><\/p>\n\n\n\n<p><a href=\"https:\/\/www.webex.com\/es\/faqs.html\">https:\/\/www.webex.com\/es\/faqs.html<\/a><\/p>\n\n\n\n<p>I tamb\u00e9 aquests v\u00eddeos:  <\/p>\n\n\n\n<p><a href=\"https:\/\/help.webex.com\/es-co\/8bzter\/cisco-webex-meetings-video-tutorials\">https:\/\/help.webex.com\/es-co\/8bzter\/cisco-webex-meetings-video-tutorials<\/a><\/p>\n\n\n\n<p><a href=\"https:\/\/www.youtube.com\/watch?v=08XYq4oyLZc&amp;list=PLlLn1GaF9CSI1fFjIN6uJdMfcK5KpIHNp\">Cisco Espa\u00f1a: Instruccions per a professorat per donar classe amb Webex<\/a><br><\/p>\n\n\n\n<p><strong>Es pot usar Webex amb Windows 10 o Mac?<\/strong><\/p>\n\n\n\n<p>S\u00ed, pots\ninstal\u00b7lar l&#8217;aplicaci\u00f3 Cisco Webex Meetings. \u00c9s molt recomanable\nque tingues el sistema operatiu actualitzat.<\/p>\n\n\n\n<p><strong>Es\npot usar Webex amb Lliurex o Ubuntu?<\/strong><\/p>\n\n\n\n<p>Es recomana usar en aqueix cas la versi\u00f3 amb navegador de Webex. A m\u00e9s, cal que instal\u00b7les els <em>complements Webex Meetings<\/em> que venen amb el navegador.<\/p>\n\n\n\n<p><strong>T\u00e9 les mateixes funcionalitats des del navegador, l&#8217;app per a m\u00f2bil i l&#8217;aplicaci\u00f3 Windows\/Mac?<\/strong><\/p>\n\n\n\n<p>No, l&#8217;aplicaci\u00f3 Windows\/Mac \u00e9s la que disposa de totes les funcionalitats de Webex Meetings. En el seg\u00fcent enlla\u00e7 pots consultar les caracter\u00edstiques de cada versi\u00f3:<\/p>\n\n\n\n<p><a href=\"https:\/\/help.webex.com\/en-us\/n3wvuuu\/Feature-Summary-for-the-Cisco-Webex-Meetings-Suite-WBS40\">https:\/\/help.webex.com\/en-us\/n3wvuuu\/Feature-Summary-for-the-Cisco-Webex-Meetings-Suite-WBS40<\/a><\/p>\n\n\n\n<p><strong>Els centres disposen de compte com\u00fa Webex de la Conselleria?<\/strong><\/p>\n\n\n\n<p>S\u00ed, trobar\u00e0s totes les instruccions d&#8217;activaci\u00f3 a la web del pla MULAN. Sales Webex als centres. Cas pr\u00e0ctic:<\/p>\n\n\n\n<p><a href=\"https:\/\/portal.edu.gva.es\/cvtic\/va\/augment-de-les-sales-webex-als-centres-cas-practic\/\">https:\/\/portal.edu.gva.es\/cvtic\/va\/augment-de-les-sales-webex-als-centres-cas-practic\/<\/a><\/p>\n\n\n\n<p><strong>El professorat disposa de compte personal Webex de la Conselleria?<\/strong><\/p>\n\n\n\n<p>El professorat de secund\u00e0ria, <span class=\"has-inline-color has-vivid-green-cyan-color\">SI<\/span>.<\/p>\n\n\n\n<p>El professorat EOI, <span class=\"has-inline-color has-vivid-red-color\">NO<\/span>. Disposa de <em>varis comptes<\/em> per al centre.<\/p>\n\n\n\n<p>El professorat d&#8217;infantil i prim\u00e0ria disposa d&#8217;<em>un compte<\/em> de centre que han d&#8217;utilitzar de manera organitzada, i un compte per cada unitat o grup d&#8217;alumnat.<\/p>\n\n\n\n<p><strong>Quin \u00e9s l&#8217;enlla\u00e7 que he d&#8217;enviar als alumnes? Poden ser varis?<\/strong><\/p>\n\n\n\n<p>Cada compte disposa d&#8217;un enlla\u00e7 per a crear una videoconfer\u00e8ncia. Ho trobar\u00e0s en l&#8217;apartat de la configuraci\u00f3 en el navegador o en l&#8217;aplicaci\u00f3. Es pot enviar directament aquest enlla\u00e7 o planificar una reuni\u00f3 programada.<\/p>\n\n\n\n<p><strong>Els\nalumnes han de descarregar-se l&#8217;app?<\/strong><\/p>\n\n\n\n<p>Si tenen Windows\/Mac, poden usar l&#8217;aplicaci\u00f3. Amb Android i iPhone\/iPad disposen de l&#8217;app Webex Meetings, i tamb\u00e9 poden usar el navegador, per exemple per al cas de Lliurex\/Ubuntu.<\/p>\n\n\n\n<p><strong>On\nix la URL de connexi\u00f3 en Webex Meetings per a Android? <\/strong>\n<\/p>\n\n\n\n<p>En\nla icona d&#8217;informaci\u00f3, en la part superior dreta de la pantalla.<\/p>\n\n\n\n<figure class=\"wp-block-image size-large\"><img loading=\"lazy\" decoding=\"async\" width=\"590\" height=\"195\" src=\"https:\/\/edutictac.es\/edumillan3t\/wp-content\/uploads\/sites\/11\/2020\/03\/webex_android_info_icon.png\" alt=\"\" class=\"wp-image-14\" srcset=\"https:\/\/edutictac.es\/blog\/edumillan3t\/wp-content\/uploads\/sites\/6\/2020\/03\/webex_android_info_icon.png 590w, https:\/\/edutictac.es\/blog\/edumillan3t\/wp-content\/uploads\/sites\/6\/2020\/03\/webex_android_info_icon-300x99.png 300w\" sizes=\"auto, (max-width: 590px) 100vw, 590px\" \/><\/figure>\n\n\n\n<p><strong>Existeix\nalgun programa que simule l&#8217;\u00fas d&#8217;una pissarra?<\/strong> \n<\/p>\n\n\n\n<p><a href=\"https:\/\/www.youtube.com\/watch?v=utqZZMwLOQA\">OpenBoard<\/a>. Est\u00e0 <a href=\"https:\/\/openboard.ch\/index.en.html\">disponible per a Windows, Linux i Mac<\/a>. En <a href=\"http:\/\/www.lliurex.net\">Lliurex <\/a>est\u00e0 disponible mitjan\u00e7ant el Zero Center.  Per a Android pots provar amb GroupBoard i LiveBoard.<\/p>\n\n\n\n<p>\n<strong>Q<\/strong><strong>uin\nperif\u00e8ric es recomana utilitzar amb OpenBoard?<\/strong>\n\n<\/p>\n\n\n\n<p>Pantalla t\u00e0ctil, tauleta digitalitzadora o ratol\u00ed (en eixe ordre).<\/p>\n\n\n\n<p>\n<strong>Els v\u00eddeos que es graven de les sessions,\non es guarden<\/strong><strong>?<\/strong> \n<\/p>\n\n\n\n<p>Des de l\u2019aplicaci\u00f3 Windows\/Mac, el programa et dona l\u2019opci\u00f3 de triar entre desar-ho al n\u00favol o al teu equip.  <\/p>\n\n\n\n<figure class=\"wp-block-image size-large is-resized\"><img loading=\"lazy\" decoding=\"async\" src=\"https:\/\/edutictac.es\/edumillan3t\/wp-content\/uploads\/sites\/11\/2020\/03\/grabaciones.jpg\" alt=\"\" class=\"wp-image-28\" width=\"280\" height=\"225\" srcset=\"https:\/\/edutictac.es\/blog\/edumillan3t\/wp-content\/uploads\/sites\/6\/2020\/03\/grabaciones.jpg 344w, https:\/\/edutictac.es\/blog\/edumillan3t\/wp-content\/uploads\/sites\/6\/2020\/03\/grabaciones-300x241.jpg 300w\" sizes=\"auto, (max-width: 280px) 100vw, 280px\" \/><\/figure>\n\n\n\n<p><strong>Quina\ncapacitat d\u2019emmagatzament hi ha per guardar les sessions de cada\nusuari<\/strong><strong>?<\/strong> \n<\/p>\n\n\n\n<p>De\nmoment no s\u2019ha comunicat per part de Cisco ni Conselleria, per\u00f2 si\narribes al m\u00e0xim, ens avises i ho apuntem!<\/p>\n\n\n\n<p><strong>\u00bfS\u00f3n les mateixes plataformes Webex GVA (gveducacion.webex.com) i Webex de profevirtual.es (profevirtual.webex.com)?<\/strong><\/p>\n\n\n\n<p>No, la primera \u00e9s la que ha contractat Conselleria amb Cisco i t\u00e9 suport especialitzat a m\u00e9s de caracter\u00edstiques espec\u00edfiques. La segona \u00e9s una opci\u00f3 gratu\u00efta i temporal que ha oferit Cisco directament a tot el professorat d\u2019Espanya i el m\u00f3n. Des de Conselleria es diu: &#8220;<em>Si eres docent de Batxillerat o primer curs de cicles formatius, haur\u00e0s rebut en el teu correu un missatge d&#8217;activaci\u00f3 del teu compte Webex. S&#8217;ha creat un &#8220;site&#8221; espec\u00edfic per a la Generalitat i s&#8217;han cuidat aspectes de protecci\u00f3 de dades. No utilitzes un altre.<\/em>&#8220;<\/p>\n\n\n\n<p><strong>\u00bf\u00c9s necessari per al professorat enregistrar-se en la plataforma Webex GVA?<\/strong><\/p>\n\n\n\n<p>No, aix\u00f2 ja ho fa directament Conselleria. Cal seguir les instruccions que hem rebut al correu GVA, segons indica el pla <a href=\"http:\/\/portal.edu.gva.es\/mulan\/tic\/webex\">MULAN<\/a>. Recorda que en aquest pla s&#8217;especifiquen els <strong>nivells autoritzats<\/strong> i les <strong>sales disponibles<\/strong> en cadascun d&#8217;ells per a utilitzar Webex.<\/p>\n\n\n\n<p><strong>I com puc saber quin \u00e9s el meu correu GVA?<\/strong><\/p>\n\n\n\n<p>Consulta la p\u00e0gina del portal CvTIC dedicada a les eines TIC que la Conselleria posa a disposici\u00f3 del professorat. Hi trobar\u00e0s un buscador de personal on podr\u00e0s con\u00e9ixer quina \u00e9s la teua adre\u00e7a de correu, \u00e9s un directori p\u00fablic:<\/p>\n\n\n\n<ul class=\"wp-block-list\"><li><a href=\"https:\/\/portal.edu.gva.es\/cvtic\/va\/einesgva\/correu-gva\/\">https:\/\/portal.edu.gva.es\/cvtic\/va\/einesgva\/correu-gva\/<\/a><\/li><li><a href=\"https:\/\/www.gva.es\/va\/inicio\/atencion_ciudadano\/buscadores\/personal\">https:\/\/www.gva.es\/va\/inicio\/atencion_ciudadano\/buscadores\/personal<\/a><\/li><\/ul>\n\n\n\n<p><strong>Com puc comprovar l&#8217;estat dels servidors Webex i la meua connexi\u00f3 amb ells?<\/strong><\/p>\n\n\n\n<p><a href=\"https:\/\/mediatest.webex.com\/\">https:\/\/mediatest.webex.com\/<\/a><\/p>\n\n\n\n<p><strong>Quines s\u00f3n les recomanacions quant als perif\u00e8rics, micr\u00f2fon i c\u00e0mera web, per a fer servir amb videoconfer\u00e8ncies?<\/strong><\/p>\n\n\n\n<p>En el seg\u00fcent v\u00eddeo tens uns consells: <a href=\"https:\/\/www.youtube.com\/watch?v=0tUBkxAP_7E\">https:\/\/www.youtube.com\/watch?v=0tUBkxAP_7E<\/a><\/p>\n\n\n\n<p><strong>Com puc comprovar si la c\u00e0mera web i el micr\u00f2fon funcionen correctament amb el navegador?<\/strong><\/p>\n\n\n\n<p><a href=\"https:\/\/www.podcastinsights.com\/es\/online-mic-test\/\">https:\/\/www.podcastinsights.com\/es\/online-mic-test\/<\/a><\/p>\n\n\n\n<p><a href=\"https:\/\/www.onlinemictest.com\/es\/configuracion-del-microfono\/ubuntu\/\">https:\/\/www.onlinemictest.com\/es\/configuracion-del-microfono\/ubuntu\/<\/a><\/p>\n\n\n\n<p><a href=\"https:\/\/www.onlinemictest.com\/es\/prueba-de-camara-web\/\">https:\/\/www.onlinemictest.com\/es\/prueba-de-camara-web\/<\/a><\/p>\n\n\n\n<p><a href=\"https:\/\/es.webcamtests.com\/\">https:\/\/es.webcamtests.com\/<\/a><\/p>\n\n\n\n<p><strong>Quan planifique una reuni\u00f3 des de l&#8217;aplicaci\u00f3 de Windows o Mac, se m&#8217;obre el programa Microsoft Outlook, per\u00f2 vull que s&#8217;\u00f2briga el navegador. Com ho puc solucionar?<\/strong><\/p>\n\n\n\n<p>Primer, configura en Webex Meetings en l&#8217;apartat <em>Preferencias &gt; Calendario<\/em> l&#8217;opci\u00f3 &#8220;Reuni\u00f3n de Webex&#8221;. Si aix\u00ed continua obrint Outlook al teu equip, tens dues opcions:<\/p>\n\n\n\n<ul class=\"wp-block-list\"><li><a href=\"https:\/\/es.wikihow.com\/desinstalar-Outlook-en-una-computadora-o-Mac\">Desinstal\u00b7lar Outlook<\/a><\/li><li><a href=\"https:\/\/help.webex.com\/es-co\/1akczh\/Uninstall-Webex-Productivity-Tools\">Desinstal\u00b7lar les eines de productivitat de Webex<\/a><\/li><\/ul>\n\n\n\n<p><strong>On puc trobar informaci\u00f3 de registre sobre les videoconfer\u00e8ncies planificades i realitzades?<\/strong><\/p>\n\n\n\n<p>Entra a <a href=\"https:\/\/gveducacion.webex.com\">gveducacion.webex.com<\/a>. Des de la teua <strong>SALA PERSONAL<\/strong>, activa l&#8217;enlla\u00e7 <span class=\"has-inline-color has-vivid-cyan-blue-color\">Webex Suport<\/span> (baix, a l&#8217;esquerre), despr\u00e9s la pestanya superior <span class=\"has-inline-color has-vivid-cyan-blue-color\">Mi Webex<\/span>, i despr\u00e9s <span class=\"has-inline-color has-vivid-cyan-blue-color\">Mis informes<\/span>.<br>All\u00ed tens per dates un llistat de les teues reunions, amb bastant informaci\u00f3 de cadascuna d&#8217;elles, inclosa la llista de participants, a quina hora ha entrat i sortit cadascun, temps de perman\u00e8ncia, etc. Aquesta informaci\u00f3 no est\u00e0 disponible de seguida que acaba la reuni\u00f3. Tarda un poc a apar\u00e9ixer.<\/p>\n\n\n\n<figure class=\"wp-block-image size-large\"><img loading=\"lazy\" decoding=\"async\" width=\"1024\" height=\"679\" src=\"https:\/\/edutictac.es\/edumillan3t\/wp-content\/uploads\/sites\/11\/2020\/05\/2020-05-07-17_37_11-Clipboard-1024x679.jpg\" alt=\"\" class=\"wp-image-120\" srcset=\"https:\/\/edutictac.es\/blog\/edumillan3t\/wp-content\/uploads\/sites\/6\/2020\/05\/2020-05-07-17_37_11-Clipboard-1024x679.jpg 1024w, https:\/\/edutictac.es\/blog\/edumillan3t\/wp-content\/uploads\/sites\/6\/2020\/05\/2020-05-07-17_37_11-Clipboard-300x199.jpg 300w, https:\/\/edutictac.es\/blog\/edumillan3t\/wp-content\/uploads\/sites\/6\/2020\/05\/2020-05-07-17_37_11-Clipboard-768x509.jpg 768w, https:\/\/edutictac.es\/blog\/edumillan3t\/wp-content\/uploads\/sites\/6\/2020\/05\/2020-05-07-17_37_11-Clipboard.jpg 1101w\" sizes=\"auto, (max-width: 1024px) 100vw, 1024px\" \/><\/figure>\n\n\n\n<p><strong>Quines consideracions o advert\u00e8ncies cal fer a l&#8217;alumnat previ a la realitzaci\u00f3 de videoconfer\u00e8ncies?<\/strong><\/p>\n\n\n\n<p>En el cas de majors de 14 anys i menors amb consentiment parental, caldr\u00e0 advertir-los de:<\/p>\n\n\n\n<p><em>&#8220;Fer un \u00fas responsable de la mateixa, recordant-los que no consentiu la gravaci\u00f3, difusi\u00f3 o publicaci\u00f3 de la comunicaci\u00f3 docent a trav\u00e9s d\u2019internet ni de qualsevol altre mitj\u00e0 equivalent emparats per la LLEI ORG\u00c0NICA 3\/2018, de 5 de desembre, de Protecci\u00f3 de Dades Personals i garantia dels Drets digitals i per la RESOLUCI\u00d3 de 28 de juny de 2018, de la Subsecretaria de la Conselleria d&#8217;Educaci\u00f3, Recerca, Cultura i Esport, per la qual es dicten instruccions per al compliment de la normativa de protecci\u00f3 de dades en els centres educatius p\u00fablics de titularitat de la Generalitat .&#8221;<\/em><\/p>\n","protected":false},"excerpt":{"rendered":"<p>Darrera actualitzaci\u00f3: 15-oct-2020 PREGUNTES M\u00c9S FREQ\u00dcENTS Llig aquesta informaci\u00f3 d&#8217;inter\u00e9s. Et recomanem tamb\u00e9 que pegues una ullada a les bones pr\u00e0ctiques per fer videoconfer\u00e8ncies amb professorat i alumnat: https:\/\/edutictac.es\/edumillan3t\/videoconferencies-docents-bones-practiques\/ https:\/\/edutictac.es\/tafol\/2020\/04\/16\/videoconferencies-amb-alumnat\/ On puc trobar documentaci\u00f3 sobre l&#8217;\u00fas de Webex? Primer, llig la b\u00edblia i mira&#8217;t els v\u00eddeos de Webex en el pla MULAN (fins que no &#8230; <a title=\"Webex &#8211; PMF\" class=\"read-more\" href=\"https:\/\/edutictac.es\/blog\/edumillan3t\/webex-pmf\/\" aria-label=\"M\u00e9s informaci\u00f3 sobre Webex &#8211; PMF\">Llegiu m\u00e9s<\/a><\/p>\n","protected":false},"author":6,"featured_media":0,"parent":0,"menu_order":0,"comment_status":"closed","ping_status":"closed","template":"","meta":{"footnotes":""},"class_list":["post-13","page","type-page","status-publish"],"_links":{"self":[{"href":"https:\/\/edutictac.es\/blog\/edumillan3t\/wp-json\/wp\/v2\/pages\/13","targetHints":{"allow":["GET"]}}],"collection":[{"href":"https:\/\/edutictac.es\/blog\/edumillan3t\/wp-json\/wp\/v2\/pages"}],"about":[{"href":"https:\/\/edutictac.es\/blog\/edumillan3t\/wp-json\/wp\/v2\/types\/page"}],"author":[{"embeddable":true,"href":"https:\/\/edutictac.es\/blog\/edumillan3t\/wp-json\/wp\/v2\/users\/6"}],"replies":[{"embeddable":true,"href":"https:\/\/edutictac.es\/blog\/edumillan3t\/wp-json\/wp\/v2\/comments?post=13"}],"version-history":[{"count":0,"href":"https:\/\/edutictac.es\/blog\/edumillan3t\/wp-json\/wp\/v2\/pages\/13\/revisions"}],"wp:attachment":[{"href":"https:\/\/edutictac.es\/blog\/edumillan3t\/wp-json\/wp\/v2\/media?parent=13"}],"curies":[{"name":"wp","href":"https:\/\/api.w.org\/{rel}","templated":true}]}}